. What are the prime factors of k(a)?
2
Let p = -85 + 469. List the prime factors of p.
2, 3
Let j(q) = -12*q - 5. Let c be j(-4). Suppose l + 2 = c. List the prime factors of l.
41
Let x(v) = v**2 - 7*v + 5. Let c be x(6). Let h = c - -4. Suppose -3*b - 2*w = h*w - 4, 14 = 4*b - 2*w. What are the prime factors of b?
3
Let n(d) = -2*d - 5. Let s be n(-4). Suppose -5*h - 3 = 22, -z - 3 = s*h. What are the prime factors of z?
2, 3
Suppose 0 = i + i - 48. Suppose 3*o = o + i. List the prime factors of o.
2, 3
What are the prime factors of 3/(-1) + (-33)/(-6)*2?
2
Suppose 7*w = 5*w + 346. Suppose -4*q = -5*r + 104 + 79, q = -5*r + w. List the prime factors of r.
5, 7
Suppose 2*b - 4 = 2*w, -2*w - b = 3*w + 10. Let v = 4 + w. What are the prime factors of (4/8)/(v/40)?
2, 5
Let n be ((-1*94)/(-2))/1. Let r = -33 + n. List the prime factors of r.
2, 7
Let p = 25 - -40. List the prime factors of p.
5, 13
Suppose 3*m - 190 = -5*s, 2*s - 95 = -m - 4*m. Let g = 31 + -6. Suppose -g = -5*n + s. What are the prime factors of n?
2, 3
Suppose i - 828 = -11*i. List the prime factors of i.
3, 23
Let n(o) be the second derivative of 1/6*o**3 + 2*o + 0 - o**2. List the prime factors of n(5).
3
Let z(j) = -j**3 - 8*j**2 + 11*j - 5. List the prime factors of z(-10).
5, 17
Let n(l) = -6*l + 4*l**3 - 3*l - 3*l**3 + 2*l + 7 + 5*l**2. List the prime factors of n(-6).
13
Suppose 0 = -f + x + 9, 4*f + x = f + 23. What are the prime factors of f?
2
Suppose -4*v + 2 = -10. Suppose -7 = -2*u - v. List the prime factors of u.
2
Let b(m) = 2*m - 4. Let f be b(3). Suppose 10 = 2*n - 3*k, -f*k + 10 - 35 = -5*n. List the prime factors of n.
5
Let b(v) = -v**3 - v**2 + 4*v - 5. Let k be b(-4). Suppose -h + 3*h + n = 74, -h + k = -2*n. What are the prime factors of h?
5, 7
Suppose 0 = -5*d - 2*p - 5, 5*d - 25 = p + 3*p. Let k be d*(1 - -6) - -2. Suppose v = 2*j - 19, -5*j + 3*v + 38 = -k. List the prime factors of j.
2, 5
Let p(t) = -3*t**3 - 2*t**2 - 2*t + 2. What are the prime factors of p(-2)?
2, 11
Let l be (-1)/(2 + 7/(-3)). Let y be 6/3 + 54 + -2. Suppose 3*i = -4*x + l*x + y, -x + 37 = 2*i. What are the prime factors of i?
17
Let v(l) = l + 1. Let s be v(-3). Let u be ((-3)/(-9))/(s/(-30)). Suppose 3*n = u*n - 4. List the prime factors of n.
2
Suppose -3*y + 1 - 19 = 0. Let q be ((-4)/y)/((-3)/(-72)). What are the prime factors of 2*-1 + -1 + q?
13
Let t = -360 + 554. List the prime factors of t.
2, 97
Let i(l) = -l**2 - 2*l - 2. Suppose 0*z - 4*z - 28 = 4*w, -z - 19 = 4*w. Let g be i(z). Let d = g + 16. What are the prime factors of d?
11
Let y(v) = -v**2 - 12*v - 6. List the prime factors of y(-5).
29
Suppose 2*q - 57 = 5*l, 0 = 4*q - 2*q + 4*l - 66. Let s = q + -7. What are the prime factors of s?
2, 3
Suppose 2*o - 26 = 2*w, 5*w + 5 = o - 2*o. List the prime factors of o.
2, 5
Let t be (0 - 2 - -2)/1. Suppose -4*h + t*h = -72. List the prime factors of h.
2, 3
Suppose 2*k = 2*u + 220, 5*k - 500 - 44 = -u. What are the prime factors of k?
109
Suppose 2*r + 91 = w + r, -w - 3*r = -79. Suppose -4*c + w = 28. List the prime factors of c.
3, 5
Suppose 0 = 5*q - 2*q - 12. Suppose -q*b = -1 - 15. Suppose 0 = -5*n + b*i + 18, -9 = -n + i - 2*i. List the prime factors of n.
2, 3
Let k = -1 + 1. Suppose k*r = -2*r + 74. What are the prime factors of r?
37
Suppose -15 = 5*o, 2*w + 37 = 6*w + o. Suppose w = 2*i + 24. Let x = -5 - i. List the prime factors of x.
2
Let r(x) = x**2 + x - 20. List the prime factors of r(9).
2, 5, 7
List the prime factors of 1*16/(-6)*(-1134)/28.
2, 3
Suppose 0 = -4*r + 36 - 4. What are the prime factors of r?
2
Let s = -9 - -3. Let g be 87/s + (-2)/(-4). What are the prime factors of (-1)/((2/g)/1)?
7
Let c be -5*((-24)/(-15) + -2). Let w(g) = 2 - c + 6 + 2*g - g. What are the prime factors of w(0)?
2, 3
Suppose 2*g + 2*l - 72 + 12 = 0, -l = -5. List the prime factors of g.
5
Let k(u) = -22*u - 1. Let r be k(-2). Let b = -26 + r. What are the prime factors of b?
17
Let r(d) = d + 4. Let j be r(6). Let o = 21 - j. List the prime factors of o.
11
Let z = 2 + 11. Suppose 23 = 4*n - z. List the prime factors of n.
3
Suppose -4*g = h - 1 - 4, 5*h - g = 25. Suppose 49 = 5*k + 4*u, 3*k + 16 = h*u + 38. List the prime factors of k.
3
Let s = 452 + -255. Suppose 0*d + d - s = -2*o, 3*o - 285 = -5*d. What are the prime factors of o/12 - 1/3?
2
List the prime factors of 39 - (-2)/1 - 3.
2, 19
Suppose 82*s - 77*s = 840. List the prime factors of s.
2, 3, 7
Let b be 78/8 + (-3)/(-12). Suppose 3*n = b - 4. Let p = n + 5. What are the prime factors of p?
7
What are the prime factors of (-56)/(-1) + 52/(-13)?
2, 13
Let y be ((-6)/4)/((-4)/8). Suppose -y*i - 4 = -16. Suppose -34 = -5*w + 3*b, -4*w + i*b = -0*b - 32. List the prime factors of w.
5
Let s(d) be the second derivative of d**5/20 - d**4/3 - 4*d**3/3 - d**2 + d. Suppose 5*g - 48 = -3*g. List the prime factors of s(g).
2, 11
List the prime factors of 3/(65*3/(-51) - -4).
17
Suppose 4*b + 5 = 9*b. Let m(p) = -12*p + 5. Let g(y) = 4*y - 2. Let w(a) = -8*g(a) - 3*m(a). What are the prime factors of w(b)?
5
Let l(n) = -n**3 - 6*n**2 - 2*n - 9. Let o be l(-6). Suppose 0 = -m + 8 - o, -s = 5*m - 73. What are the prime factors of s?
2, 3
What are the prime factors of (-1 + 4)*139/3?
139
Let p = 7 - 6. What are the prime factors of 60/18 + p/(-3)?
3
Let c(y) = y**3 + 6*y**2 - 8*y + 1. Let s be c(-7). Let i = s - 0. List the prime factors of i.
2
Suppose 0*d + 12 = 5*q - d, d + 4 = q. Let l be (q/(-4))/((-2)/24). Suppose 3*h = l + 12. What are the prime factors of h?
2, 3
Let f(l) = -l - 1. Let t(w) = -w**3 - 6*w**2 - 3*w + 5. Let v(o) = 2*f(o) - t(o). What are the prime factors of v(-5)?
13
Let r = -28 - -51. What are the prime factors of r?
23
Let c be (10/(-6))/((-4)/12). Suppose c*t + 49 = 3*o, -2*o + 55 = -5*t + 3*o. Let r = t - -12. List the prime factors of r.
2
Let l be (2 - 3)*(-16)/2. Let n = l - 6. Let j = n + 7. List the prime factors of j.
3
List the prime factors of 137 - ((-1)/3 - (-24)/18).
2, 17
Let i(v) = 9*v**2 - v. Let l be i(-1). Suppose 2*k = 10 + l. List the prime factors of k.
2, 5
Suppose 17 = j - 46. Suppose -4*q = -4*f + j + 13, -15 = 3*q. List the prime factors of f.
2, 7
Let k(v) = 4*v - 3. Let r be k(2). Let x = r - 2. Suppose 2*g + 14 = 3*h - 2*g, -2*h - x*g - 2 = 0. List the prime factors of h.
2
Let f = 17 - 21. List the prime factors of ((-10)/f)/((-4)/(-48)).
2, 3, 5
Let i = -71 - -113. What are the prime factors of i?
2, 3, 7
Suppose 4*b - b - 12 = 2*o, -2*b - 24 = 4*o. Let i be o/4*(-4 + 0). Let n(a) = -a**3 + 5*a**2 + 5*a + 8. What are the prime factors of n(i)?
2
Let w(t) = t**2 + 3*t + 2. Let r be w(-3). List the prime factors of (-1)/(r - 27/12).
2
Let v(i) = 12*i + 3. List the prime factors of v(3).
3, 13
Let f = 7 + -5. Suppose -y + f*i + 4 = -2*i, -8 = 4*i. What are the prime factors of 2/y - 19/(-2)?
3
What are the prime factors of (-22)/66 - (-1 + (-890)/6)?
149
Suppose -2*z = 2*z - 32. List the prime factors of (4/z)/((-1)/(-18)).
3
Let u be -123*(6/(-9))/(-1). Let a = -37 - u. What are the prime factors of a?
3, 5
Suppose -m + 3 = 7. Let l(r) be the third derivative of -r**4/24 + 2*r**3/3 + 3*r**2. What are the prime factors of l(m)?
2
Let a = 12 + -12. Suppose a = 2*k - 15 - 13. List the prime factors of k.
2, 7
Let n(r) = r**3 + 5*r**2 + 5*r + 2. Suppose 5*b - 33 = 27. Suppose 0 = 4*q + b, l + 5*q + 12 = 2*l. List the prime factors of n(l).
5
Suppose -4*b = 4, 0 = f - 2*b - 9. Let u(z) = z**2 - 5*z. What are the prime factors of u(f)?
2, 7
Suppose 5*w - 27 = 2*w. Suppose 6*z - w = 3*z. Suppose z = d - 3. List the prime factors of d.
2, 3
Suppose 0*c - 3*c = l + 26, -3*l = c + 38. What are the prime factors of (-321)/l - (-14)/(-77)?
29
Let o be (9/(-6))/((-2)/(-8)). Let p = 14 - o. What are the prime factors of p?
2, 5
Let u(y) = 2*y + 19. Let j be u(-16). Let b = -10 - j. List the prime factors of b.
3
Suppose 2*o + w = 23, -o + 0*w + 4 = -w. What are the prime factors of 6/(-27) + 272/o?
2, 3, 5
Let p be (2/4)/((-5)/(-10)). Let g(q) = -p - 2 + 2*q**2 + 2*q + 5 - 3*q. List the prime factors of g(2).
2
Let z(l) = 21*l**3 - 2*l - 1. Let v be z(-1). Let c = v + 28. List the prime factors of 2/c + (-11)/(-4).
3
Let n(a) = 17*a**3 - 4*a**2 + 9*a - 13. What are the pri